hat is the units digit of (w + -4)*4*-1?
4
Suppose -4*m - 2*x + 968 = 0, -3*m + 4*x + 916 = 168. Suppose -6*n + m = -4*n. What is the hundreds digit of n?
1
Suppose -4*q = -2*x - 22, x + 3*q + 2 - 11 = 0. Let g(d) = 3*d - 5. Let j be g(x). What is the units digit of (-6)/18 + j/(-6)?
2
Suppose -2*g + 5*g - 1167 = 0. Let l = -234 + g. Suppose 5*d - l = -0*d. What is the tens digit of d?
3
Suppose 0 = -5*b - x - 300, 3*b + 6*x - 2*x = -180. Let t(f) = -6*f + 1. Let s be t(1). What is the tens digit of (12/s)/(8/b)?
1
Suppose -2 = -r - 0*r. Suppose -3*j = r*u + 2*j - 95, u - 60 = -5*j. Let d = 100 - u. What is the tens digit of d?
6
Let p = 48 + -49. What is the units digit of (-6)/12*p*1*16?
8
What is the tens digit of (-53)/53*159*-1?
5
Suppose 0 = 3*r + 4*x - 3554, -46*x - 4 = -45*x. What is the thousands digit of r?
1
Let x(s) = 5*s**2 + 6*s + 31. What is the units digit of x(-11)?
0
Suppose 0*w = 39*w - 55146. What is the units digit of w?
4
Suppose s - 4*t - 911 = 0, -3*s + 0*t = 5*t - 2784. What is the hundreds digit of s?
9
Let i = 40 + -16. Let l = -43 + 30. Let n = l + i. What is the tens digit of n?
1
Let g(q) = 14*q + 24. Let h = 50 - 43. What is the units digit of g(h)?
2
Let q = 767 + -176. What is the units digit of q?
1
Let t be (2/4)/((-2)/(-568)). Suppose 2*r - 4*r = -t. What is the units digit of r?
1
Let r(j) = 4*j**3 - 5*j**2 + 2*j - 6. What is the tens digit of r(3)?
6
Let z(r) = 14*r**2 - 10*r + 241. What is the thousands digit of z(12)?
2
Suppose -16*a + 18*a = 686. What is the tens digit of a?
4
Let x(k) = k - 5. Let z be x(5). Let n = 11 + -6. Suppose n*u + 131 = 4*t, z*t + 37 = t + 3*u. What is the tens digit of t?
3
Let k = -702 + 1024. Suppose -5*n - 72 = -k. What is the units digit of n?
0
Let t = 12 + -7. Let c(z) = 4*z**2 - 5*z. What is the units digit of c(t)?
5
Suppose -15*q + 20*q = -65. Let l = 36 + q. What is the units digit of l?
3
Suppose 2327 = 5*q - 3158. What is the units digit of q?
7
Let l = -7 + 15. Let x(k) = 9*k**2 + 0*k**3 - k**3 - 4*k - k - k - 5. What is the units digit of x(l)?
1
Suppose -3*h + w = -14, 5*h - 3 = -5*w + 7. Suppose -u + 74 = -5*a, 3*u + 82 = h*u - 3*a. What is the tens digit of u?
9
Let k(q) = 5*q + 12. Let t(g) = 6*g + 12. Let r(m) = 4*k(m) - 3*t(m). Let p be r(6). Let f = p + -2. What is the tens digit of f?
2
Let d(c) = -31*c + 92. What is the units digit of d(-15)?
7
What is the units digit of (-2)/(-4)*(0 + 796)?
8
Let q(m) be the second derivative of m**3/2 - 3*m**2 + 2*m. Let n be q(10). Suppose -5*d + n = 2*k, 4*k - 2*d - 10 = 2*k. What is the units digit of k?
7
What is the tens digit of -11 - (15110/(-10) - 7)?
0
Let v(a) = a**3 + 2*a - 1. Let b be v(3). Suppose b = x + 8. Let r = -14 + x. What is the tens digit of r?
1
What is the tens digit of -3 - -3 - (-1889 - -19)?
7
Let h = -5911 + 9879. What is the units digit of h?
8
Let a = 558 + -224. What is the units digit of a?
4
Let x = 3645 - 2096. What is the thousands digit of x?
1
Let f = 364 - 364. Let i(z) = 3*z + 102. Let r(b) = 2*b + 51. Let n(v) = 4*i(v) - 7*r(v). What is the units digit of n(f)?
1
Let o = -5 - -8. Suppose -180 = -o*n + 6. What is the tens digit of n?
6
Suppose 0 = -s + d + 1225, -2*d + 437 = 4*s - 4487. What is the tens digit of s?
2
Suppose 2*m - m - 55 = 0. Suppose 2*a - 428 = -2*a. Let b = a - m. What is the units digit of b?
2
Suppose 0 = 2*a - 1314 - 1834. What is the hundreds digit of a?
5
Let q be 7 - (1 - (2 - -1)). Suppose 0 = -2*s + 4*s - 46. Let v = s - q. What is the units digit of v?
4
Suppose -8*g + 4*g = 308. What is the tens digit of (-14)/g - (-1228)/22?
5
Let r(s) = -s**3 - 9*s**2 + 10*s + 1. Let j(d) = -9*d**2 - 1. Let u be j(-1). Let h be r(u). Suppose t + 2*i - 4 = h, -6 = 3*i. What is the units digit of t?
9
Suppose 6*l + 812 = 2330. What is the units digit of l?
3
Suppose 3*k = p + 3*p + 3, 0 = -3*p + 4*k - 11. Suppose 17 = -s - 3*z, p*z - 6 - 9 = 3*s. What is the tens digit of -114*(8/2)/s?
5
What is the tens digit of 4 + (-30)/3*294/(-12)?
4
Suppose 2*a = 2*p - 14, 0 = -2*p - 5*a - 17 - 4. Let z be (-3 - -145)/(p/3). Let o = -150 + z. What is the tens digit of o?
6
Let q(b) = 5*b - 17. Let h(c) = -c**3 + 19*c**2 + 20*c + 12. Let k be h(20). What is the units digit of q(k)?
3
Let p(m) = m**3 - m**2 - m + 3. Let j be p(0). Suppose 3*h + j = -6*n + 2*n, n - 6 = -3*h. What is the units digit of (-2)/h - 140/(-21)?
6
Suppose 5*d + 3359 = 4*j, -2*j - 3*d - 305 = -1990. What is the hundreds digit of j?
8
Let x(r) = r**3 + 3*r**2 - r - 1. Let a be x(2). What is the tens digit of 3*30 - (-17)/a?
9
Let k = -34 - -58. Suppose -3*r = -3*l + 42, -2*l + 0*l = -r - k. What is the units digit of l?
0
What is the hundreds digit of 117969/51 + 28/(-238)?
3
Let i(w) be the third derivative of -w**4/3 - 9*w**3/2 + 12*w**2. What is the tens digit of i(-7)?
2
Suppose 0 = -3*d - 6, 5*j = j - 4*d + 3404. What is the tens digit of j?
5
Suppose 8252 = 18*j - 3520. What is the units digit of j?
4
Let i = 1 - 1. Suppose z + 0*z - 29 = 0. Suppose i = 4*y - z + 5. What is the units digit of y?
6
Let p = -613 - -876. What is the units digit of p?
3
Suppose -4550 = -53*j + 46*j. What is the hundreds digit of j?
6
Let l be ((-14)/4)/((-1)/(-2)). Let w = -100 - -71. Let m = l - w. What is the tens digit of m?
2
Let c(q) = -19*q + 112. What is the tens digit of c(5)?
1
Suppose 3*y = 2*x - 5*x + 393, -5*x = -2*y + 241. Let b = y + -69. What is the tens digit of b?
5
Let c be ((-14)/77)/((-1)/11). Suppose -2*g - c*w + 504 = 0, 5*g + w - 1242 = 2*w. What is the hundreds digit of g?
2
Suppose 3*p + 46*x = 50*x + 5977, 4*p = -x + 7944. What is the tens digit of p?
8
Let l(t) = 483*t + 4. What is the units digit of l(2)?
0
Let o be ((-12)/28)/((-2)/14). Suppose -3*a - 237 = -o*x, -4*x = -9*x + a + 391. What is the tens digit of x?
7
Suppose 150*s + 1231 = 151*s. What is the tens digit of s?
3
Suppose v = 5*u, 2*v = u + 4*u. Suppose 4*f - 1 + 9 = v, 3*o - 3*f - 411 = 0. What is the hundreds digit of o?
1
What is the tens digit of ((-748)/5 - -2 - 8)*-40?
2
Suppose -3*f + 171 = -2*p, 25 + 25 = f - 3*p. Let w = f - 34. Let g = w - 18. What is the units digit of g?
7
What is the hundreds digit of 3949 - (-101 + -3)/13?
9
Let k = 6 + -3. Suppose -u + 169 = k*d - 3*u, 0 = -4*d + 5*u + 223. Suppose 3*c - d = -0*c. What is the tens digit of c?
1
Suppose 2*a + 5*x = 2820, -5837 = -3*a + 5*x - 1557. What is the tens digit of a?
2
Suppose -b = -l + 146, -3*b - 244 = 5*l - 1006. What is the units digit of l?
0
Let g be 8/(-4) + 5 + (-4)/2. What is the tens digit of 274/(-3)*(12/(-3) + g)?
7
Let b = 23 + -21. Suppose b*q = 14 - 10. What is the units digit of q?
2
Let u be (-12)/(-20) + 48/(-5). Let c be (3/u)/((-4)/(-276)). What is the units digit of c/5*-5*1?
3
Suppose 79*s - 483 = 76*s. What is the tens digit of s?
6
Suppose 0 = r + 19*r - 11540. What is the hundreds digit of r?
5
Suppose 4*c - 19 = o, -c + 4 = -4*o - 12. Suppose -c*a = a - 650. What is the tens digit of a?
3
Let o = -101 - -106. Suppose 0 = -3*s - 10*m + 6*m + 510, -o*s - 2*m = -836. What is the tens digit of s?
6
Suppose -91*d + 92*d = 0, -2*y + 3*d + 558 = 0. What is the hundreds digit of y?
2
Suppose 4*u - 1597 = 499. What is the tens digit of u?
2
Let o = -5062 - -7672. What is the tens digit of o?
1
What is the hundreds digit of (4100/(-100))/(1/(-52))?
1
Let m be 1 - 2*(-13)/(-2). Let n = m + 10. What is the units digit of -2*(3/6 + n)?
3
Let n(x) = 4*x + 67. Let d be n(-18). Let p(l) = 3 - l + 2*l - 5*l. What is the tens digit of p(d)?
2
Suppose 0 = 3*l + 9, -5*l - 661 = -5*f + 1789. Suppose 0 = -0*c + 3*c + k - f, -5*k = -5*c + 805. What is the tens digit of -1*(c/2)/(-3)?
2
Let k be (-6)/(-8) + 963/12. Let g = -43 + k. Suppose -5*c - j = -159, 2*c - 31 - g = 5*j. What is the units digit of c?
2
Let j(k) = -1130*k + 50. What is the tens digit of j(-1)?
8
Let j(c) = 25*c**2 - 95*c + 17. What is the hundreds digit of j(6)?
3
Let w(x) = 8*x**3 + 8*x**2 - 7*x - 6. What is the tens digit of w(6)?
6
Let b(q) = 704*q**2 + 13*q + 12. What is the hundreds digit of b(-1)?
7
Suppose -9*z + 4*z + 550 = 0. Let u = z - 76. What is the units digit of u?
4
Let n = 1037 + -509. What is the hundreds digit of n?
5
Let u(v) = 2*v + 2. Let b be u(5). Let n be ((-1